{"id":121,"date":"2024-12-07T20:03:23","date_gmt":"2024-12-07T19:03:23","guid":{"rendered":"https:\/\/www.netlinea.com\/index.php\/business-plan\/"},"modified":"2025-04-09T11:30:19","modified_gmt":"2025-04-09T09:30:19","slug":"business-plan","status":"publish","type":"page","link":"https:\/\/www.netlinea.com\/index.php\/business-plan\/","title":{"rendered":"Business Plan"},"content":{"rendered":"\n\n\n\n\n\n\n\n\n\n\n\n\n\n\n\n","protected":false},"excerpt":{"rendered":"","protected":false},"author":1,"featured_media":0,"parent":0,"menu_order":0,"comment_status":"closed","ping_status":"closed","template":"page-business-plan-template","meta":{"saved_in_kubio":true,"footnotes":""},"class_list":["post-121","page","type-page","status-publish","hentry"],"kubio_ai_page_context":{"short_desc":"Notre service d\u2019\u00e9tude de business plan vous aide \u00e0 valider la viabilit\u00e9 de votre projet et \u00e0 maximiser vos chances de succ\u00e8s. Nous analysons votre id\u00e9e, votre march\u00e9 cible, vos concurrents et vos perspectives financi\u00e8res pour vous fournir une vision claire et r\u00e9aliste. Cette d\u00e9marche permet d\u2019anticiper les risques, d\u2019optimiser votre strat\u00e9gie et de s\u00e9duire d\u2019\u00e9ventuels investisseurs. Pour 350\u20ac, recevez un rapport complet et personnalis\u00e9 qui pose les bases solides de votre r\u00e9ussite entrepreneuriale.","purpose":"services","isFrontPage":false},"yoast_head":"<!-- This site is optimized with the Yoast SEO plugin v24.8.1 - https:\/\/yoast.com\/wordpress\/plugins\/seo\/ -->\n<title>Business Plan - Cr\u00e9ation de Sites Web Professionnels en Corse | Netlin\u00e9a Web &amp; Photo<\/title>\n<meta name=\"robots\" content=\"index, follow, max-snippet:-1, max-image-preview:large, max-video-preview:-1\" \/>\n<link rel=\"canonical\" href=\"https:\/\/www.netlinea.com\/index.php\/business-plan\/\" \/>\n<meta property=\"og:locale\" content=\"fr_FR\" \/>\n<meta property=\"og:type\" content=\"article\" \/>\n<meta property=\"og:title\" content=\"Business Plan - Cr\u00e9ation de Sites Web Professionnels en Corse | Netlin\u00e9a Web &amp; Photo\" \/>\n<meta property=\"og:url\" content=\"https:\/\/www.netlinea.com\/index.php\/business-plan\/\" \/>\n<meta property=\"og:site_name\" content=\"Cr\u00e9ation de Sites Web Professionnels en Corse | Netlin\u00e9a Web &amp; Photo\" \/>\n<meta property=\"article:modified_time\" content=\"2025-04-09T09:30:19+00:00\" \/>\n<meta name=\"twitter:card\" content=\"summary_large_image\" \/>\n<meta name=\"twitter:label1\" content=\"Dur\u00e9e de lecture estim\u00e9e\" \/>\n\t<meta name=\"twitter:data1\" content=\"4 minutes\" \/>\n<script type=\"application\/ld+json\" class=\"yoast-schema-graph\">{\"@context\":\"https:\/\/schema.org\",\"@graph\":[{\"@type\":\"WebPage\",\"@id\":\"https:\/\/www.netlinea.com\/index.php\/business-plan\/\",\"url\":\"https:\/\/www.netlinea.com\/index.php\/business-plan\/\",\"name\":\"Business Plan - Cr\u00e9ation de Sites Web Professionnels en Corse | Netlin\u00e9a Web &amp; Photo\",\"isPartOf\":{\"@id\":\"https:\/\/www.netlinea.com\/#website\"},\"datePublished\":\"2024-12-07T19:03:23+00:00\",\"dateModified\":\"2025-04-09T09:30:19+00:00\",\"breadcrumb\":{\"@id\":\"https:\/\/www.netlinea.com\/index.php\/business-plan\/#breadcrumb\"},\"inLanguage\":\"fr-FR\",\"potentialAction\":[{\"@type\":\"ReadAction\",\"target\":[\"https:\/\/www.netlinea.com\/index.php\/business-plan\/\"]}]},{\"@type\":\"BreadcrumbList\",\"@id\":\"https:\/\/www.netlinea.com\/index.php\/business-plan\/#breadcrumb\",\"itemListElement\":[{\"@type\":\"ListItem\",\"position\":1,\"name\":\"Accueil\",\"item\":\"https:\/\/www.netlinea.com\/\"},{\"@type\":\"ListItem\",\"position\":2,\"name\":\"Business Plan\"}]},{\"@type\":\"WebSite\",\"@id\":\"https:\/\/www.netlinea.com\/#website\",\"url\":\"https:\/\/www.netlinea.com\/\",\"name\":\"Cr\u00e9ation de Sites Web Professionnels en Corse | Netlin\u00e9a Web & Photo\",\"description\":\"Cr\u00e9ation express de site internet en Corse\",\"publisher\":{\"@id\":\"https:\/\/www.netlinea.com\/#\/schema\/person\/1635169826a5697de5b4347e5701948a\"},\"potentialAction\":[{\"@type\":\"SearchAction\",\"target\":{\"@type\":\"EntryPoint\",\"urlTemplate\":\"https:\/\/www.netlinea.com\/?s={search_term_string}\"},\"query-input\":{\"@type\":\"PropertyValueSpecification\",\"valueRequired\":true,\"valueName\":\"search_term_string\"}}],\"inLanguage\":\"fr-FR\"},{\"@type\":[\"Person\",\"Organization\"],\"@id\":\"https:\/\/www.netlinea.com\/#\/schema\/person\/1635169826a5697de5b4347e5701948a\",\"name\":\"netlinea\",\"image\":{\"@type\":\"ImageObject\",\"inLanguage\":\"fr-FR\",\"@id\":\"https:\/\/www.netlinea.com\/#\/schema\/person\/image\/\",\"url\":\"https:\/\/www.netlinea.com\/wp-content\/uploads\/2025\/04\/logo_netlinea_512x512_black-png.webp\",\"contentUrl\":\"https:\/\/www.netlinea.com\/wp-content\/uploads\/2025\/04\/logo_netlinea_512x512_black-png.webp\",\"width\":512,\"height\":512,\"caption\":\"netlinea\"},\"logo\":{\"@id\":\"https:\/\/www.netlinea.com\/#\/schema\/person\/image\/\"},\"sameAs\":[\"https:\/\/www.netlinea.com\"]}]}<\/script>\n<!-- \/ Yoast SEO plugin. -->","yoast_head_json":{"title":"Business Plan - Cr\u00e9ation de Sites Web Professionnels en Corse | Netlin\u00e9a Web &amp; Photo","robots":{"index":"index","follow":"follow","max-snippet":"max-snippet:-1","max-image-preview":"max-image-preview:large","max-video-preview":"max-video-preview:-1"},"canonical":"https:\/\/www.netlinea.com\/index.php\/business-plan\/","og_locale":"fr_FR","og_type":"article","og_title":"Business Plan - Cr\u00e9ation de Sites Web Professionnels en Corse | Netlin\u00e9a Web &amp; Photo","og_url":"https:\/\/www.netlinea.com\/index.php\/business-plan\/","og_site_name":"Cr\u00e9ation de Sites Web Professionnels en Corse | Netlin\u00e9a Web &amp; Photo","article_modified_time":"2025-04-09T09:30:19+00:00","twitter_card":"summary_large_image","twitter_misc":{"Dur\u00e9e de lecture estim\u00e9e":"4 minutes"},"schema":{"@context":"https:\/\/schema.org","@graph":[{"@type":"WebPage","@id":"https:\/\/www.netlinea.com\/index.php\/business-plan\/","url":"https:\/\/www.netlinea.com\/index.php\/business-plan\/","name":"Business Plan - Cr\u00e9ation de Sites Web Professionnels en Corse | Netlin\u00e9a Web &amp; Photo","isPartOf":{"@id":"https:\/\/www.netlinea.com\/#website"},"datePublished":"2024-12-07T19:03:23+00:00","dateModified":"2025-04-09T09:30:19+00:00","breadcrumb":{"@id":"https:\/\/www.netlinea.com\/index.php\/business-plan\/#breadcrumb"},"inLanguage":"fr-FR","potentialAction":[{"@type":"ReadAction","target":["https:\/\/www.netlinea.com\/index.php\/business-plan\/"]}]},{"@type":"BreadcrumbList","@id":"https:\/\/www.netlinea.com\/index.php\/business-plan\/#breadcrumb","itemListElement":[{"@type":"ListItem","position":1,"name":"Accueil","item":"https:\/\/www.netlinea.com\/"},{"@type":"ListItem","position":2,"name":"Business Plan"}]},{"@type":"WebSite","@id":"https:\/\/www.netlinea.com\/#website","url":"https:\/\/www.netlinea.com\/","name":"Cr\u00e9ation de Sites Web Professionnels en Corse | Netlin\u00e9a Web & Photo","description":"Cr\u00e9ation express de site internet en Corse","publisher":{"@id":"https:\/\/www.netlinea.com\/#\/schema\/person\/1635169826a5697de5b4347e5701948a"},"potentialAction":[{"@type":"SearchAction","target":{"@type":"EntryPoint","urlTemplate":"https:\/\/www.netlinea.com\/?s={search_term_string}"},"query-input":{"@type":"PropertyValueSpecification","valueRequired":true,"valueName":"search_term_string"}}],"inLanguage":"fr-FR"},{"@type":["Person","Organization"],"@id":"https:\/\/www.netlinea.com\/#\/schema\/person\/1635169826a5697de5b4347e5701948a","name":"netlinea","image":{"@type":"ImageObject","inLanguage":"fr-FR","@id":"https:\/\/www.netlinea.com\/#\/schema\/person\/image\/","url":"https:\/\/www.netlinea.com\/wp-content\/uploads\/2025\/04\/logo_netlinea_512x512_black-png.webp","contentUrl":"https:\/\/www.netlinea.com\/wp-content\/uploads\/2025\/04\/logo_netlinea_512x512_black-png.webp","width":512,"height":512,"caption":"netlinea"},"logo":{"@id":"https:\/\/www.netlinea.com\/#\/schema\/person\/image\/"},"sameAs":["https:\/\/www.netlinea.com"]}]}},"_links":{"self":[{"href":"https:\/\/www.netlinea.com\/index.php\/wp-json\/wp\/v2\/pages\/121","targetHints":{"allow":["GET"]}}],"collection":[{"href":"https:\/\/www.netlinea.com\/index.php\/wp-json\/wp\/v2\/pages"}],"about":[{"href":"https:\/\/www.netlinea.com\/index.php\/wp-json\/wp\/v2\/types\/page"}],"author":[{"embeddable":true,"href":"https:\/\/www.netlinea.com\/index.php\/wp-json\/wp\/v2\/users\/1"}],"replies":[{"embeddable":true,"href":"https:\/\/www.netlinea.com\/index.php\/wp-json\/wp\/v2\/comments?post=121"}],"version-history":[{"count":10,"href":"https:\/\/www.netlinea.com\/index.php\/wp-json\/wp\/v2\/pages\/121\/revisions"}],"predecessor-version":[{"id":411,"href":"https:\/\/www.netlinea.com\/index.php\/wp-json\/wp\/v2\/pages\/121\/revisions\/411"}],"wp:attachment":[{"href":"https:\/\/www.netlinea.com\/index.php\/wp-json\/wp\/v2\/media?parent=121"}],"curies":[{"name":"wp","href":"https:\/\/api.w.org\/{rel}","templated":true}]}}